{"id":7420,"date":"2024-05-07T14:45:27","date_gmt":"2024-05-07T14:45:27","guid":{"rendered":"https:\/\/fajas-reductoras.com\/?post_type=product&#038;p=7420"},"modified":"2024-05-07T14:45:29","modified_gmt":"2024-05-07T14:45:29","slug":"barra-de-sonido-samsung-hw-b550-zf-bluetooth-subwoofer-inalambrico-410-w-negro","status":"publish","type":"product","link":"https:\/\/fajas-reductoras.com\/index.php\/product\/barra-de-sonido-samsung-hw-b550-zf-bluetooth-subwoofer-inalambrico-410-w-negro\/","title":{"rendered":"Barra de sonido &#8211; SAMSUNG HW-B550\/ZF, Bluetooth, Subwoofer Inal\u00e1mbrico, 410 W, Negro"},"content":{"rendered":"\n<p><a href=\"https:\/\/www.mediamarkt.es\/es\/product\/_barra-de-sonido-hw-b550zf-samsung-bluetooth-integrado-410-w-negro-98920973.html\"><\/a><\/p>\n\n\n\n<p>La barra de sonido Samsung HW-B550 ofrece un sonido de alta calidad con Dolby Audio\/DTS Virtual:X, un subwoofer inal\u00e1mbrico integrado y un refuerzo de bajos. Tambi\u00e9n cuenta con Sonido Inteligente Lite y Modo Juego para una mejor experiencia de audio.<\/p>\n\n\n\n<figure class=\"wp-block-table\"><table><thead><tr><th>Caracteristicas t\u00e9cnicas<\/th><th><\/th><\/tr><\/thead><tbody><tr><td>Tipo de dispositivo<\/td><td>Barra de sonido<\/td><\/tr><tr><td>Reproducci\u00f3n por<\/td><td>AAC, AIFF, FLAC, MP3, OGG, WAV<\/td><\/tr><tr><td>Potencia total<\/td><td>410 W<\/td><\/tr><tr><td>Transmisi\u00f3n de se\u00f1al<\/td><td>Cable<\/td><\/tr><\/tbody><\/table><\/figure>\n\n\n\n<figure class=\"wp-block-table\"><table><thead><tr><th>Reproductor<\/th><th><\/th><\/tr><\/thead><tbody><tr><td>Formatos de reproducci\u00f3n<\/td><td>AAC, AIFF, FLAC, MP3, OGG, WAV<\/td><\/tr><\/tbody><\/table><\/figure>\n\n\n\n<figure class=\"wp-block-table\"><table><thead><tr><th>Amplificador<\/th><th><\/th><\/tr><\/thead><tbody><tr><td>N\u00famero de canales<\/td><td>2.1<\/td><\/tr><\/tbody><\/table><\/figure>\n\n\n\n<figure class=\"wp-block-table\"><table><thead><tr><th>Altavoz<\/th><th><\/th><\/tr><\/thead><tbody><tr><td>N\u00famero de Altavoces<\/td><td>5<\/td><\/tr><tr><td>Subwoofer<\/td><td>Inal\u00e1mbrico<\/td><\/tr><tr><td>Potencia RMS<\/td><td>410 W<\/td><\/tr><\/tbody><\/table><\/figure>\n\n\n\n<figure class=\"wp-block-table\"><table><thead><tr><th>Equipo<\/th><th><\/th><\/tr><\/thead><tbody><tr><td>Interfaz W-LAN<\/td><td>No<\/td><\/tr><tr><td>Bluetooth<\/td><td>S\u00ed<\/td><\/tr><tr><td>Control remoto<\/td><td>S\u00ed<\/td><\/tr><tr><td>Conexiones<\/td><td>Bluetooth|HDMI|USB|WiFi<\/td><\/tr><tr><td>Caract. especiales<\/td><td>Modo juego autom\u00e1tico<\/td><\/tr><\/tbody><\/table><\/figure>\n\n\n\n<figure class=\"wp-block-table\"><table><thead><tr><th>Fuente de alimentaci\u00f3n<\/th><th><\/th><\/tr><\/thead><tbody><tr><td>Consumo en modo Espera<\/td><td>0.5 W<\/td><\/tr><\/tbody><\/table><\/figure>\n\n\n\n<figure class=\"wp-block-table\"><table><thead><tr><th>Caracter\u00edsticas generales<\/th><th><\/th><\/tr><\/thead><tbody><tr><td>Sistema o compatible con el sistema<\/td><td>samsung<\/td><\/tr><tr><td>Material de carcasa<\/td><td>Negro<\/td><\/tr><tr><td>Anchura<\/td><td>860 mm<\/td><\/tr><tr><td>Altura<\/td><td>59.4 mm<\/td><\/tr><tr><td>Profundidad<\/td><td>75 mm<\/td><\/tr><\/tbody><\/table><\/figure>\n","protected":false},"excerpt":{"rendered":"<p>La barra de sonido Samsung HW-B550 ofrece un sonido de alta calidad con Dolby Audio\/DTS Virtual:X, un subwoofer inal\u00e1mbrico integrado y un refuerzo de bajos. Tambi\u00e9n cuenta con Sonido Inteligente Lite y Modo Juego para una mejor experiencia de audio. Caracteristicas t\u00e9cnicas Tipo de dispositivo Barra de sonido Reproducci\u00f3n por AAC, AIFF, FLAC, MP3, OGG, [&hellip;]<\/p>\n","protected":false},"featured_media":7432,"comment_status":"open","ping_status":"closed","template":"","meta":{"_monsterinsights_skip_tracking":false,"_monsterinsights_sitenote_active":false,"_monsterinsights_sitenote_note":"","_monsterinsights_sitenote_category":0},"product_brand":[],"product_cat":[],"product_tag":[],"class_list":{"0":"post-7420","1":"product","2":"type-product","3":"status-publish","4":"has-post-thumbnail","7":"first","8":"instock","9":"sale","10":"shipping-taxable","11":"purchasable","12":"product-type-simple"},"aioseo_notices":[],"_links":{"self":[{"href":"https:\/\/fajas-reductoras.com\/index.php\/wp-json\/wp\/v2\/product\/7420","targetHints":{"allow":["GET"]}}],"collection":[{"href":"https:\/\/fajas-reductoras.com\/index.php\/wp-json\/wp\/v2\/product"}],"about":[{"href":"https:\/\/fajas-reductoras.com\/index.php\/wp-json\/wp\/v2\/types\/product"}],"replies":[{"embeddable":true,"href":"https:\/\/fajas-reductoras.com\/index.php\/wp-json\/wp\/v2\/comments?post=7420"}],"wp:featuredmedia":[{"embeddable":true,"href":"https:\/\/fajas-reductoras.com\/index.php\/wp-json\/wp\/v2\/media\/7432"}],"wp:attachment":[{"href":"https:\/\/fajas-reductoras.com\/index.php\/wp-json\/wp\/v2\/media?parent=7420"}],"wp:term":[{"taxonomy":"product_brand","embeddable":true,"href":"https:\/\/fajas-reductoras.com\/index.php\/wp-json\/wp\/v2\/product_brand?post=7420"},{"taxonomy":"product_cat","embeddable":true,"href":"https:\/\/fajas-reductoras.com\/index.php\/wp-json\/wp\/v2\/product_cat?post=7420"},{"taxonomy":"product_tag","embeddable":true,"href":"https:\/\/fajas-reductoras.com\/index.php\/wp-json\/wp\/v2\/product_tag?post=7420"}],"curies":[{"name":"wp","href":"https:\/\/api.w.org\/{rel}","templated":true}]}}