{"id":7449,"date":"2024-05-07T15:09:57","date_gmt":"2024-05-07T15:09:57","guid":{"rendered":"https:\/\/fajas-reductoras.com\/?post_type=product&#038;p=7449"},"modified":"2024-05-07T15:10:26","modified_gmt":"2024-05-07T15:10:26","slug":"xiaomi-pocophone-poco-m5s-dual-sim-256-gb-gris-8-gb-ram","status":"publish","type":"product","link":"https:\/\/fajas-reductoras.com\/index.php\/product\/xiaomi-pocophone-poco-m5s-dual-sim-256-gb-gris-8-gb-ram\/","title":{"rendered":"Xiaomi Pocophone Poco M5s Dual Sim 256 Gb Gris 8 Gb Ram"},"content":{"rendered":"\n<p><a href=\"https:\/\/www.mercadolibre.com.mx\/noindex\/catalog\/reviews\/MLM19671372?noIndex=true&amp;access=view_all&amp;modal=true&amp;controlled=true\"><\/a><\/p>\n\n\n\n<p><span style=\"color: rgb(58, 58, 58); font-family: NotoSansDisplay, NotoSansDisplay-fallback, Arial, sans-serif; font-size: 16px; white-space-collapse: collapse;\">Resistente y distintivo chipset de 12 nm con ocho n\u00facleosEl procesador de ocho n\u00facleos MediaTek Helio G95, creado con la tecnolog\u00eda de proceso de 12 nm, cuenta con una arquitectura de CPU l\u00edder en el sector y la potente GPU Mali-G76 MC4. Todo esto ayuda a proporcionar una experiencia de usuario extraordinaria con un rendimiento incomparable.La combinaci\u00f3n del almacenamiento de alta velocidad con LPDDR4X + UFS 2.2 logra un buen rendimiento. Las aplicaciones rutinarias se ejecutan sin problemas, y los juegos de gran tama\u00f1o se cargan r\u00e1pidamente. Dise\u00f1o curvo en 3D. Fino y elegante.La ingeniosa parte curvada posterior en 3D est\u00e1 dise\u00f1ada ergon\u00f3micamente para garantizar que no se escurre, y su exclusivo dise\u00f1o Deco otorga al tel\u00e9fono un aspecto \u00fanico.POCO M5s viene equipado con una distintiva pantalla AMOLED de 6.43&#8243;, que ofrece una experiencia visual extraordinaria con una resoluci\u00f3n de 2400 x 1080 y una protecci\u00f3n Corning Gorilla Glass 3. Modo antiparpadeo con tecnolog\u00eda de atenuaci\u00f3n de CC. Sensores de luz ambiental 360\u00b0, ajusta el brillo autom\u00e1ticamente, reduce el cansancio ocular de forma eficaz.Bater\u00eda de 5000 mAh (typ) y carga r\u00e1pida de 33 WUna bater\u00eda de gran capacidad y con posibilidad de carga r\u00e1pida de 33 W ayudan a que no te falte energ\u00eda para que la diversi\u00f3n no pare. Para ser exactos, sus 5000 mAh proporcionan hasta 19 horas de reproducci\u00f3n de v\u00eddeos, 11 horas de juego y 37 horas de llamadas. C\u00e1mara cu\u00e1druple de 64 MP con IALa c\u00e1mara de alta resoluci\u00f3n de 64 MP produce im\u00e1genes incre\u00edblemente n\u00edtidas y fant\u00e1sticas. La nitidez y los colores se mejoran a\u00fan m\u00e1s gracias al innovador algoritmo de IA, que te permitir\u00e1 experimentar como nunca antes. Modo Ultra HD de 64 MP: Captura el m\u00e1s m\u00ednimo detalleModo ultra gran angular: Campo de visi\u00f3n m\u00e1s amplio para unas im\u00e1genes impresionantesModo macro: Descubre un mundo microsc\u00f3pico Modo retrato: Efecto bokeh naturalPor Otra parte, este Poco M5s cuenta con una c\u00e1mara interna de 13 MP para conseguir unos selfies ultran\u00edt<\/span>idos.<\/p>\n\n\n\n<figure class=\"wp-block-table\"><table><thead><tr><th>Caracteristicas t\u00e9cnicas<\/th><th><\/th><\/tr><\/thead><tbody><tr><td>Tipo de dispositivo<\/td><td>M\u00f3vil<\/td><\/tr><tr><td>Procesador<\/td><td>Mediatek Helio G95 (12 nm)<\/td><\/tr><tr><td>Velocidad Procesador<\/td><td>Octa-Core-CPU. bis zu 2.05 GHz<\/td><\/tr><tr><td>Capacidad memoria<\/td><td>128 GB<\/td><\/tr><tr><td>Admite SD<\/td><td>S\u00ed<\/td><\/tr><tr><td>Tarjeta memoria<\/td><td>MicroSD, microSDHC, SDHC, SDXC, microSDXC, SD<\/td><\/tr><tr><td>Tama\u00f1o de la memoria RAM<\/td><td>4 GB<\/td><\/tr><tr><td>Capacidad m\u00e1xima SD<\/td><td>1 TB<\/td><\/tr><tr><td>Bloqueo SIM libre<\/td><td>S\u00ed<\/td><\/tr><tr><td>Tama\u00f1o de la tarjeta SIM<\/td><td>Nano SIM<\/td><\/tr><\/tbody><\/table><\/figure>\n\n\n\n<figure class=\"wp-block-table\"><table><thead><tr><th>Pantalla<\/th><th><\/th><\/tr><\/thead><tbody><tr><td>Tama\u00f1o pantalla (cm)<\/td><td>16.33 cm<\/td><\/tr><tr><td>Tama\u00f1o pantalla (pulgadas)<\/td><td>6.43 \u00ab<\/td><\/tr><tr><td>Tama\u00f1o Pantalla (cm\/pulg.)<\/td><td>16.33 cm \/ 6.43 Zoll<\/td><\/tr><tr><td>Resoluci\u00f3n (AlxAn)<\/td><td>2400 x 1080 Pixel<\/td><\/tr><tr><td>N\u00famero de Pantallas<\/td><td>1<\/td><\/tr><tr><td>Resoluci\u00f3n Horizontal<\/td><td>1080 pixels<\/td><\/tr><tr><td>Resoluci\u00f3n Vertical<\/td><td>2400 pixels<\/td><\/tr><tr><td>Densidad de p\u00edxeles<\/td><td>409 ppi<\/td><\/tr><tr><td>Frecuencia de actualizaci\u00f3n<\/td><td>90 Hz<\/td><\/tr><tr><td>Pantalla a Color<\/td><td>S\u00ed<\/td><\/tr><\/tbody><\/table><\/figure>\n","protected":false},"excerpt":{"rendered":"<p>Resistente y distintivo chipset de 12 nm con ocho n\u00facleosEl procesador de ocho n\u00facleos MediaTek Helio G95, creado con la tecnolog\u00eda de proceso de 12 nm, cuenta con una arquitectura de CPU l\u00edder en el sector y la potente GPU Mali-G76 MC4. Todo esto ayuda a proporcionar una experiencia de usuario extraordinaria con un rendimiento [&hellip;]<\/p>\n","protected":false},"featured_media":7464,"comment_status":"open","ping_status":"closed","template":"","meta":{"_monsterinsights_skip_tracking":false,"_monsterinsights_sitenote_active":false,"_monsterinsights_sitenote_note":"","_monsterinsights_sitenote_category":0},"product_brand":[],"product_cat":[],"product_tag":[],"class_list":{"0":"post-7449","1":"product","2":"type-product","3":"status-publish","4":"has-post-thumbnail","7":"first","8":"instock","9":"sale","10":"shipping-taxable","11":"purchasable","12":"product-type-simple"},"aioseo_notices":[],"_links":{"self":[{"href":"https:\/\/fajas-reductoras.com\/index.php\/wp-json\/wp\/v2\/product\/7449","targetHints":{"allow":["GET"]}}],"collection":[{"href":"https:\/\/fajas-reductoras.com\/index.php\/wp-json\/wp\/v2\/product"}],"about":[{"href":"https:\/\/fajas-reductoras.com\/index.php\/wp-json\/wp\/v2\/types\/product"}],"replies":[{"embeddable":true,"href":"https:\/\/fajas-reductoras.com\/index.php\/wp-json\/wp\/v2\/comments?post=7449"}],"wp:featuredmedia":[{"embeddable":true,"href":"https:\/\/fajas-reductoras.com\/index.php\/wp-json\/wp\/v2\/media\/7464"}],"wp:attachment":[{"href":"https:\/\/fajas-reductoras.com\/index.php\/wp-json\/wp\/v2\/media?parent=7449"}],"wp:term":[{"taxonomy":"product_brand","embeddable":true,"href":"https:\/\/fajas-reductoras.com\/index.php\/wp-json\/wp\/v2\/product_brand?post=7449"},{"taxonomy":"product_cat","embeddable":true,"href":"https:\/\/fajas-reductoras.com\/index.php\/wp-json\/wp\/v2\/product_cat?post=7449"},{"taxonomy":"product_tag","embeddable":true,"href":"https:\/\/fajas-reductoras.com\/index.php\/wp-json\/wp\/v2\/product_tag?post=7449"}],"curies":[{"name":"wp","href":"https:\/\/api.w.org\/{rel}","templated":true}]}}